e -42*u + 5069 = 22*u - 5875. Calculate the remainder when u is divided by 40.
11
Let g(s) = -96*s + 4. Let l be g(-6). What is the remainder when (-6)/27 - l/(-18) is divided by (-2 - (2 - 7))/(240/400)?
2
Suppose d + 2*i + 95 = 19, 172 = -2*d + i. What is the remainder when 25 is divided by (-24)/14*d/24?
1
Suppose -45*b + 50*b = 1285. Suppose u + b = 2*d, 0 = 3*d - 3*u - 615 + 234. What is the remainder when d is divided by (-1404)/(-28) + -6 + (-4)/28?
42
Let w(r) = 4*r**2 + 71*r - 17. Let k(v) = -3*v**2 - 68*v + 17. Let g(i) = 6*k(i) + 5*w(i). Calculate the remainder when 166 is divided by g(27).
34
Let p(y) = 10*y**2 + y**3 - 3*y - 5*y + 0*y**3 - 1. Let a(s) = s**2 - s + 1. Let k(t) = -4*a(t) + p(t). Calculate the remainder when 36 is divided by k(-6).
17
Suppose 10 + 8 = 2*b. Suppose -4*k - 2*p + 705 + 843 = 0, -1944 = -5*k - 4*p. What is the remainder when k is divided by b?
6
Let x be -24*((-16)/(-32))/((-3)/(-6)). What is the remainder when 224 is divided by 272/6 - (-4)/x*2?
44
What is the remainder when 2313/12 + (-2)/(-8) is divided by (12204/20)/9 - (-56)/(-70)?
59
Let s(q) = q**3 - 29*q**2 + 17*q + 29. Let l be s(21). Let b be (-4)/((-28)/(-3)) - l/14. Let j = 313 - b. What is the remainder when j is divided by 13?
11
Let o(n) = 5*n - 26. Let j be o(7). Let a be (2 - -3*j/(-3)) + -1. Let f(z) = -4*z + 13. Calculate the remainder when f(a) is divided by 16.
13
Suppose -32 = -5*s + 3. Let n(v) = -v + 22. Let g be n(s). What is the remainder when 61 is divided by 1 + 14 + 15/g?
13
Let v = 280 + -263. Let p(a) = a**3 - 5*a**2 + 2*a - 4. Let b be p(5). Suppose x = v - b. Calculate the remainder when 74 is divided by x.
8
Suppose 5*k = -v + 2 + 7, 4*k = -4*v + 100. Suppose v*o - 15*o - 56 = 0. Calculate the remainder when o is divided by 3.
1
Suppose 33*y + 2904 = -96*y + 42249. What is the remainder when y is divided by 4?
1
Let m = -52 - 8. Let a = m + 100. Suppose -2*q - 3*b + b = -34, 5*q = 2*b + 64. What is the remainder when a is divided by q?
12
Suppose 0 = -4*r - z + 103, 6*z = -10*r + 12*r - 32. Suppose -5*w - 4*s = -488 - 384, w - 5*s - 157 = 0. What is the remainder when w is divided by r?
22
Let k(g) = 389*g**2 + 508*g - 507. Calculate the remainder when k(1) is divided by 177.
36
Let i = 102 - 71. What is the remainder when (-3 - 0) + (7 - -77) is divided by i?
19
Suppose -355*i + 306*i = -17836. Calculate the remainder when i is divided by 173.
18
Let b(v) = v**2 - 3*v - 3. Let q = -30 + 28. Let h be b(q). Let w(r) = r**3 - 8*r**2 + 6*r + 9. Calculate the remainder when 4 is divided by w(h).
0
Suppose 0 = -s - 3*d + 144, 4*s + 2*d = 5*d + 531. What is the remainder when 294 is divided by s?
24
Suppose 3*m + 8*b = 11*b + 15, -5*m + 2*b = -25. Suppose -m = 3*s + 4*r, 0 = 2*r - 0*r + 10. What is the remainder when 28 is divided by s?
3
Let j(a) = -a**3 - 22*a**2 - 3*a + 124. Calculate the remainder when j(-22) is divided by 20.
10
Suppose 9 = 3*v + f, 5 = 7*v - 5*v + f. What is the remainder when 183 is divided by 0 + v*(-9)/(-2) + -1?
13
Let t(q) = 21*q - 130. Let z be t(6). Calculate the remainder when 2/z - (-5253)/34 is divided by 13.
11
Let y(d) = 34*d**3 - 5*d**2 + 83*d - 541. What is the remainder when y(7) is divided by 191?
188
Let g(x) = x**2 - 180*x - 1690. What is the remainder when 70 is divided by g(-9)?
4
Suppose -6*f + f + 365 = 0. Let z = -213647 + 213660. Calculate the remainder when f is divided by z.
8
Suppose -5*g + 63*k = 68*k - 370, -3*k + 154 = 2*g. What is the remainder when 4159 is divided by g?
11
Suppose -310*n + 313*n + 11*y = 111, 2*n = -5*y + 74. Let w(v) = 28*v**2 + 2*v - 2. What is the remainder when w(3) is divided by n?
34
Suppose 10856*x - 10852*x = 380. Calculate the remainder when 1153 is divided by x.
13
Let k be (-166)/(-8) + (7/4)/7. Calculate the remainder when 46 is divided by (-21)/k - (-32 + -1).
14
Let o(b) be the second derivative of b**3/3 + 12*b**2 + 6*b + 3. Calculate the remainder when 11 is divided by o(-11).
1
Suppose 0 = -30*v + 657 + 4953. What is the remainder when 13650 is divided by v?
186
Let i(z) = 37*z**2 + 15*z - 108. Calculate the remainder when i(3) is divided by 159.
111
Let g = -2045 + 2269. Calculate the remainder when 801 is divided by g.
129
Let h(i) = 4*i**3 - 8*i**2 - 3*i - 6. Let n(w) = 11*w**3 - 25*w**2 - 8*w - 18. Let c(z) = 8*h(z) - 3*n(z). What is the remainder when 12 is divided by c(11)?
0
Let p = -1368 + 2265. What is the remainder when p is divided by 30?
27
Let f(o) = 2*o**2 + 4*o + 1. Let c(w) = -7*w - 119. Calculate the remainder when c(-19) is divided by f(-3).
0
Let z(q) = -2*q**3 - 2*q**2 + 14*q - 17. Let f = -426 + 421. Calculate the remainder when 227 is divided by z(f).
1
Suppose 0 = -p - 1 + 4. Suppose -7*u = 5*r - 3*u - 116, 3*u = p*r - 48. Let d = 106 - 67. Calculate the remainder when d is divided by r.
19
Let i be (-1 + (-534)/4)*2. Let w = -257 - i. Let m(z) = 5*z - 1. Calculate the remainder when w is divided by m(1).
0
Suppose -17*n - 562 = -19*n. Calculate the remainder when n is divided by 22.
17
Let f(u) = -13*u + 85. Calculate the remainder when f(-20) is divided by 77.
37
Let k be (-11840)/(-576) - (-4)/9. Let w(o) = -3*o + 131. What is the remainder when w(k) is divided by 42?
26
Let l(k) = -3*k - 10. Let c be l(-4). Suppose -2*a - 2*f + 67 = -71, -4*a - 5*f + 278 = 0. Calculate the remainder when a is divided by c/(-12) + (-1025)/(-30).
33
Suppose 690 = -23*w + 29*w. Suppose -2*k + 58 = 2*c, 0 = -k - 4*k + 5*c + w. What is the remainder when 387 is divided by k?
23
Let f(o) = -o**2 - 37*o - 128. What is the remainder when 3743 is divided by f(-21)?
207
Let m be ((-5 + 17)/(-2))/(-2). Suppose w = -t - 7 + 25, m*t + 16 = 2*w. Suppose 19*c - 15 = w*c. What is the remainder when 12 is divided by c?
0
Let h(g) = 27*g - 2. Let d be h(-24). Calculate the remainder when -1 - -7 - (d - (4 + -11)) is divided by 31.
29
Let t(n) = n**2 + 62*n - 924. Calculate the remainder when 1162 is divided by t(13).
40
Let j = -481 - -485. Calculate the remainder when 10/j*(-3596)/(-310) is divided by 28.
1
Let k(z) = z - 15*z**2 + 13*z**2 + 3*z**3 + 16*z**3. Calculate the remainder when 270/5 + -1*3 is divided by k(1).
15
Let k be (-4)/2 + (45 - 6). Suppose -3*b = -3*l - 258, b - 4 = 2*l + 85. Let o = b - k. Calculate the remainder when o is divided by 6.
4
Let h = -209 + 110. What is the remainder when 39 is divided by (-2)/8 - h/12?
7
Suppose -32 = -2*n + 5*q + 124, 0 = 4*n + q - 444. Calculate the remainder when n is divided by ((-11)/(-2))/(2/4).
9
Let r(k) = -k**3 + 69*k**2 - 39*k - 302. Calculate the remainder when r(68) is divided by 54.
50
Let u(p) = 4*p**2 - 111*p + 386. Calculate the remainder when 2599 is divided by u(24).
25
Let u be 4/(-6) + 5 + (-1545)/(-9). Let w = 195 - u. Calculate the remainder when w is divided by 4.
3
Suppose a - 2*g = 124, 4*a - 318 - 143 = g. Suppose 0 = -0*w + 3*w - a. Let x(c) = 3*c**2 - 30*c - 109. Calculate the remainder when w is divided by x(-3).
6
Let o be (-1 + 0 + -43)*(-45)/6. Suppose -r = -11*r + o. Let k = 13 - 7. What is the remainder when r is divided by k?
3
Suppose 4*a = 5*y - y - 16, 0 = -5*a - y + 4. Suppose a = l - 30 - 47. Let q = -51 - -71. Calculate the remainder when l is divided by q.
17
Let r(l) = -3*l + 10. Let b be r(8). What is the remainder when (4/(-10))/(193/(-6755)) is divided by -6*1*7/b?
2
Let v be 196/(-42)*(-13 + 1). Suppose 5*a - 2*y - 102 = -0, -3*y + v = 2*a. Let j = 21 + -16. What is the remainder when a is divided by j?
2
Let g(b) = b**3 + 5*b**2 + 9. Let o be g(-5). Suppose 4*m = 7 + o. Suppose -52 = -6*u + m*u. What is the remainder when 77 is divided by u?
25
Suppose -5*c = -6*c + 3. Let q(p) = p**3 + 14*p**2 + 8*p - 64. Let n be q(-13). What is the remainder when 95/c*(1 - -2)/n is divided by 24?
23
Let t(i) = 190*i**3 + 2*i**2 - 155*i + 916. Calculate the remainder when t(6) is divided by 75.
73
Let a(z) = 28 + 4*z - 8 - 9 - 9. Let g be 182/35 + 1/(-5). What is the remainder when a(g) is divided by 9?
4
Suppose 0 = -o + 3*o - 298. Suppose 5*v - 63 = 59*t - 61*t, -14*t = 5*v - 531. Calculate the remainder when o is divided by t.
32
Suppose -5*l - 3*t = -32, 5*t - 3 = 4*l + 1. Suppose -6*q + 3*c + 98 = -4*q, 0 = 5*c - 20. Calculate the remainder when q is div